Let d(c) = 3*c + 11. Give d(-1).
8
Let i(k) = 7*k**2 + 13*k + 36. Calculate i(-6).
210
Let z(h) = -h**3 + 5*h**2 - 11*h + 21. Determine z(2).
11
Let b(j) = j**3 + 3*j**2 + 4*j + 2. Determine b(-2).
-2
Let m(t) = -t**3 + 6*t**2 - 6*t - 8. What is m(3)?
1
Let i(r) = 39*r - 24. What is i(1)?
15
Let q(o) = o**2 - 5*o - 125. Determine q(14).
1
Let l(m) = -2*m**2 + m + 15. Calculate l(4).
-13
Let b(t) = -5*t**2 + 2*t - 2. Determine b(1).
-5
Let f(a) = -3*a - 8. Determine f(-4).
4
Let c(s) = -2*s**3 - 8*s**2 + 8*s + 17. Determine c(-5).
27
Let l(r) = -2*r**2 - 11*r + 60. Determine l(-9).
-3
Let d(f) = 11*f - 29. Give d(4).
15
Let k(y) = 6*y + 129. Calculate k(-19).
15
Let u(v) = -3*v**2 + 15*v - 3. Calculate u(7).
-45
Let p(s) = -s**2 - 14*s - 40. Calculate p(-9).
5
Let q(m) = 30*m - 35. Give q(8).
205
Let x(a) = 6*a + 1. Calculate x(0).
1
Let l(p) = 2*p**2 - 5*p + 1. Determine l(4).
13
Let r(f) = 11*f**2 - 4*f - 2. What is r(-1)?
13
Let n(a) = -5*a - 52. What is n(-9)?
-7
Let b(r) = 24*r - 4. Give b(4).
92
Let s(l) = -5*l**2 + 35*l - 56. What is s(5)?
-6
Let i(k) = -k**3 - 6*k**2 - 2*k - 4. What is i(-4)?
-28
Let m(z) = -z**2 - 8*z - 12. Give m(-5).
3
Let f(m) = m + 23. Determine f(-16).
7
Let r(b) = 105*b**3 - b**2 - b. Determine r(-1).
-105
Let d(b) = b**2 + 63*b + 434. Give d(-55).
-6
Let i(r) = 2*r**3 - 89*r**2 - 43*r - 96. Give i(45).
-6
Let i(s) = s + 7. What is i(-8)?
-1
Let i(d) = -53*d + 369. Give i(7).
-2
Let y(u) = u**2 - 5*u + 5. Calculate y(4).
1
Let x(v) = v + 38. Give x(-36).
2
Let i(l) = l**3 + l**2 + l + 10. Give i(0).
10
Let y(s) = s**2 - 21*s - 2. What is y(21)?
-2
Let q(t) = -t**2 - 7*t + 3. Determine q(-6).
9
Let a(o) = o**2 + 2*o - 6. Give a(-4).
2
Let v(p) = p**2 - 22*p + 119. Calculate v(12).
-1
Let u(y) = -2*y - 7. Calculate u(-4).
1
Let f(k) = 2*k**2 - 5*k + 1. What is f(6)?
43
Let f(s) = s**2 + s - 184. What is f(-13)?
-28
Let r(n) = n**3 - 14*n**2 - 2. What is r(14)?
-2
Let g(f) = f**2 + 28*f - 157. What is g(-32)?
-29
Let t(r) = r**2 + 32*r + 202. Give t(-23).
-5
Let o(m) = -m - 10. Give o(-3).
-7
Let s(d) = -6*d + 295. Determine s(45).
25
Let j(y) = 4*y + 39. Determine j(-9).
3
Let s(f) = -f**2 + 2*f + 2. What is s(3)?
-1
Let t(y) = 2*y**2 + 3*y - 20. What is t(-5)?
15
Let q(y) = -y**3 - 19*y**2 + 43*y + 39. What is q(-21)?
18
Let u(i) = -i**3 - 6*i**2 - i + 7. Determine u(-6).
13
Let p(o) = 73*o + 2. What is p(-1)?
-71
Let q(m) = 46*m - 408. What is q(9)?
6
Let i(k) = k - 10. What is i(7)?
-3
Let g(d) = -d**2 + 5*d. What is g(9)?
-36
Let i(t) = t**3 - 7*t**2 + 10*t - 7. Give i(5).
-7
Let z(b) = 4*b**2 + 4*b - 1. Determine z(-4).
47
Let j(k) = k**3 - 2*k**2 - k - 27. What is j(0)?
-27
Let m(v) = -5*v + 28. Determine m(12).
-32
Let h(u) = u**3 - 8*u**2 - u - 2. What is h(8)?
-10
Let c(k) = -k**2 + 8*k + 6. Give c(9).
-3
Let o(v) = -7*v + 14. What is o(0)?
14
Let z(v) = -v**3 - 7*v**2 - 2*v + 5. Calculate z(-5).
-35
Let u(t) = t**3 + 7*t**2 - 12*t - 26. Determine u(-8).
6
Let i(c) = -c**3 - 2*c**2 - 2*c - 2. Determine i(-3).
13
Let z(q) = -q + 15. What is z(15)?
0
Let l(d) = -d**3 + 14*d**2 - 13*d + 13. Determine l(13).
13
Let z(m) = m**3 + 10*m**2 + 20*m + 210. Give z(-10).
10
Let p(r) = -4*r - 10. Determine p(7).
-38
Let a(i) = 19*i - 157. Give a(7).
-24
Let r(s) = s**3 + s**2 - 3*s + 1. Determine r(-3).
-8
Let u(o) = -7*o**2 + 13*o - 21. Determine u(2).
-23
Let j(u) = 6*u - 3. What is j(-5)?
-33
Let a(b) = -b**3 - 9*b**2 - 9*b + 35. Determine a(-7).
0
Let j(i) = -i**2 + 3*i + 43. Give j(8).
3
Let c(q) = q**3 - 7*q**2 + 3*q - 9. What is c(7)?
12
Let h(b) = 7*b**2 + 4*b - 3. Give h(2).
33
Let o(t) = -2*t**2 + 4*t + 23. Give o(6).
-25
Let m(x) = -x**3 - 7*x**2 - 4*x + 4. Calculate m(-6).
-8
Let o(t) = -16*t**3. Determine o(-1).
16
Let m(x) = 2*x**2 - 2*x + 11. Calculate m(0).
11
Let o(k) = -8*k - 11. What is o(-13)?
93
Let u(q) = 7*q + 9. Determine u(-2).
-5
Let x(f) = f**3 + 8*f**2 + f - 16. What is x(-7)?
26
Let c(a) = -9*a + 69. Determine c(9).
-12
Let n(k) = -2*k**2 - 23*k + 5. Calculate n(-12).
-7
Let s(d) = -3*d + 30. Calculate s(4).
18
Let r(q) = q**3 + 21*q**2 - 47*q - 17. Calculate r(-23).
6
Let z(n) = -n**2 + 14*n + 23. Give z(17).
-28
Let g(a) = a - 15. Determine g(9).
-6
Let f(y) = -7*y + 7. Give f(-5).
42
Let i(n) = -6*n**2 - 4*n - 2. Determine i(-2).
-18
Let p(q) = q**2 + 7*q + 7. Give p(-7).
7
Let j(d) = -6*d + 20. Calculate j(-7).
62
Let o(a) = a**3 - 2*a**2 - 7*a + 10. Calculate o(3).
-2
Let c(q) = q**2 - 8*q + 8. What is c(4)?
-8
Let y(o) = -12*o - 123. What is y(-9)?
-15
Let x(r) = -r**3 + 6*r**2 - r + 2. Give x(7).
-54
Let c(r) = r**3 - 16*r**2 + 36*r + 26. What is c(13)?
-13
Let b(m) = 2*m. Calculate b(4).
8
Let a(p) = -7*p + 1. What is a(-4)?
29
Let k(a) = -a**3 - 4*a**2 - 6*a - 7. Calculate k(-5).
48
Let w(m) = -m**3 - 8*m**2 + 11*m + 8. Give w(-9).
-10
Let m(h) = h**3 + 9*h**2 + 17*h - 10. What is m(-6)?
-4
Let u(i) = 2*i**3 + 21*i**2 - 8*i + 21. What is u(-11)?
-12
Let t(q) = q**2 - 16*q - 5. What is t(8)?
-69
Let y(d) = -d**3 + 7*d**2 - 8*d - 8. Calculate y(8).
-136
Let k(t) = -7*t + 6. Determine k(-1).
13
Let f(l) = 7*l - 6. Give f(2).
8
Let t(c) = -2*c - 51. Give t(-27).
3
Let i(o) = -o**3 + 9*o**2 - 19*o + 92. Determine i(8).
4
Let z(s) = -s**2 - 23*s - 84. Determine z(-5).
6
Let f(c) = -7*c**2 - c + 2. Calculate f(-2).
-24
Let g(c) = -c**3 + 3*c**2 + 7*c - 2. What is g(5)?
-17
Let y(f) = f**2 + 19*f - 46. Determine y(-22).
20
Let u(j) = -2*j - 21. What is u(-17)?
13
Let q(s) = -3*s + 32. What is q(11)?
-1
Let s(g) = 5*g**2 + 3*g + 5. Give s(-1).
7
Let q(i) = -i**2 - 6*i + 18. Determine q(-8).
2
Let o(k) = 14*k + 38. What is o(-2)?
10
Let c(v) = -v**2 + 40*v - 141. Determine c(36).
3
Let r(q) = -2*q + 15. What is r(-1)?
17
Let q(d) = 2*d - 11. Give q(5).
-1
Let m(y) = y**3 - 4*y**2 - 3*y + 2. What is m(-3)?
-52
Let r(h) = 27*h + 105. What is r(-6)?
-57
Let p(s) = -s**2 - 14*s + 16. Determine p(-15).
1
Let a(v) = 7*v + 36. Calculate a(0).
36
Let m(n) = 4*n**2 - 18*n + 8. Give m(4).
0
Let t(f) = -f**3 + 5*f**2 + 6*f + 1. Determine t(6).
1
Let d(m) = 8*m - 22. Determine d(-3).
-46
Let i(d) = 2*d**3 + 2*d**2 + d - 1. Determine i(-3).
-40
Let i(u) = -u**2 - 2*u + 77. Give i(-6).
53
Let b(t) = t**3 + 11*t**2 + 7*t - 27. Give b(-10).
3
Let k(z) = -4*z**3 - 3*z**2 + 4*z - 2. Calculate k(2).
-38
Let u(d) = d**2 + 7*d - 33. Calculate u(-10).
-3
Let f(g) = -g**3 - g**2 - 2. Calculate f(-2).
2
Let q(k) = -3*k - 3. Give q(-6).
15
Let d(t) = -19*t**2 - 54*t + 3. Determine d(-3).
-6
Let l(r) = 6*r**2 - 36*r. Determine l(6).
0
Let v(w) = w + 1. What is v(-7)?
-6
Let o(s) = -6*s + 19. Determine o(7).
-23
Let v(z) = z**3 + 5*z**2 - z - 4. Determine v(-7).
-95
Let f(q) = -q**3 + 39*q**2 - 32*q - 224. Calculate f(38).
4
Let t(f) = f**3 - 22*f**2 - 4. Determine t(22).
-4
Let g(t) = 2*t**3 + 5*t**2. What is g(-4)?
-48
Let o(g) = -6*g + 29. Calculate o(7).
-13
Let j(o) = -o**2 - 8*o + 9. Calculate j(-5).
24
Let f(p) = -p**2 + 3*p - 7. Calculate f(6).
-25
Let r(g) = -5*g - 4. Give r(5).
-29
Let z(p) = 13*p - 10. What is z(1)?
3
Let l(c) = 3*c**2 - 4*c + 5. Give l(2).
9
Let b(p) = p**2 + 4*p - 4. Determine b(-7).
17
Let b(g) = 8*g - 205. Determine b(27).
11
Let v(t) = -2*t - 11. Determine v(6).
-23
Let q(m) = 2*m**2 + 91*m - 45. Determine q(-46).
1
Let j(m) = 2*m**2 - 31*m - 2. What is j(14)?
-44
Let z(s) = 4*s**2 - 2*s. Determine z(-2).
20
Let q(b) = 3*b**2 - 3*b + 19. Give q(3).
37
Let m(w) = -3*w + 2. Calculate m(-3).
11
Let g(j) = j**2 + 25*j + 8. Calculate g(-23).
-38
Let o(k) = -4*k - 5. Determine o(-2).
3
Let a(w) = -12*w + 29. Calculate a(3).
-7
Let v(w) = w**2 - 5*w - 19. Calculate v(8).
5
Let l(n) = -n**3 + 39*n**2 - 72*n - 82. Determine l(37).
-8
Let q(j) = 63*j**2 - j + 2. Determine q(1).
64
Let h(m) = -2*m**2 - 14*m + 19. Determine h(-9).
-17
Let h(v) = 48*v - 1. Calculate h(-1).
-49
Let l(s) = -s + 38. Determine l(25).
13
Let u(y) = y**2 + 27*y + 56. Give u(-25).
6
Let r(j) = -j - 14. Give r(-6).
-8
Let b(z) = 8*z**2 - 69*z - 13. Give b(10).
97
Let j(z) = -z**3 - 44*z**2 + 47*z + 96. Give j(-45).
6
Let s(h) = 5*h**2 + h + 2. Calculate s(2).
24
Let p(o) = 10*o + 1. What is p(11)?
111
Let c(m) = -m**3 + 6*m**2 - m - 8. What is c(5)?
12
Let g(d) = 2*d**2 + 3*d - 4. Determine g(3).
23
Let v(j) = j**3 - 